9*b - 18 = 0. What is the units digit of s(b)?
6
Let a(o) = -4*o + 13. Let l be a(2). Suppose l*y = 4*y + 1. What is the units digit of ((-54)/24)/(y/(-52))?
7
Let i be 1*((-32)/4*1 + 1). What is the tens digit of 2/i + 118650/245?
8
Let j(l) = 5*l + 2. Let r be j(7). Suppose -a + 3*a - 386 = -5*w, 392 = 5*w + 4*a. Suppose 2*d = -4*b - 2*d + w, -d = -3*b + r. What is the units digit of b?
4
Suppose -3*q = 4*z - 61, -4*q = -5*z + 84 - 0. Suppose 4*b = -h + 632, -h = -5*h + z. What is the hundreds digit of b?
1
Let q(h) = 23*h - 3 + 8 + 24*h - 33*h. What is the tens digit of q(18)?
5
Suppose 2*p - 30478 = -2*z, 5*p = -3*z + 34444 + 11281. What is the tens digit of z?
3
Let t(w) = 2*w**3 - 35*w**2 - 39*w + 8. Suppose 0 = 29*g - 300 - 280. What is the hundreds digit of t(g)?
2
Let a(n) = n**3 + 54*n**2 + 162*n - 28. What is the hundreds digit of a(-46)?
4
Suppose 3*p = -3*t + 42042, -41*t + 37*t = -3*p + 42063. What is the hundreds digit of p?
0
Let m(y) = 1456*y**2 - 17*y + 28. What is the units digit of m(2)?
8
Let f = 232 - 224. Suppose 0 = f*b - 12*b + 3400. What is the hundreds digit of b?
8
Suppose -3*b = -4*i - 328, 12 = -4*b + b. Let p = i + 90. Suppose 3*w + 86 = p*w. What is the units digit of w?
3
Suppose -102*c - 3*i = -107*c + 101643, 2*i + 121978 = 6*c. What is the hundreds digit of c?
3
Suppose -5*w - 3*w - 200 = 0. Let j = w - -57. Let c = j - 31. What is the units digit of c?
1
Let f(r) = 29*r**2 + r + 3. Let b be f(-2). Let i = 232 - b. Let t = i + -44. What is the tens digit of t?
7
Suppose 158 = -3*z + 29. Let v = z + 40. What is the tens digit of 3 - (v - (73 + -2))?
7
Suppose 0 = 3*m + 12 - 18, m + 6 = 2*z. Suppose 4*n - 399 = -5*a + 2*n, 4*a = -z*n + 324. What is the tens digit of a?
7
Suppose 0 = -11*p - 0. Suppose -3*t + 70 + 35 = p. Let a = 12 + t. What is the tens digit of a?
4
Suppose -3*x - 3 = 0, 0 = s - 0*x + x - 4. Let n be (0/(s + -2))/((-3)/3). What is the units digit of 4 - (-13 + 0 - n)?
7
Let o = 56 + -49. Let j(n) = 69*n - 152. What is the hundreds digit of j(o)?
3
Let p = 3859 - 992. What is the units digit of p?
7
Let a(b) = -b**2 + 37*b + 1. Let u be a(33). Suppose -u*n = -152*n + 18164. What is the units digit of n?
6
Let n = -47 - -16. Let l = 31 + n. Suppose y + 299 = 5*h, l = 3*y - y + 8. What is the units digit of h?
9
Suppose 0 = -4*u - 5*u + 324. Suppose -7*p + u = 2*p. What is the units digit of p?
4
Let h be (1/(-2) + 0)*-18. Let t = 8 - h. What is the units digit of 15*80/(-25)*t?
8
Let z be 15*((-8)/(-20) - -2). Suppose 6*f - z = -6*f. Suppose -d + f*v - 5*v + 105 = 0, v = 4. What is the tens digit of d?
9
Suppose 0 = -7*r + 5565 + 14833. What is the thousands digit of r?
2
Let k = -34970 + 121441. What is the ten thousands digit of k?
8
Let d be (14/(-4))/(2/4). Let g be (-5287)/d + -2 + 24/14. Suppose -8*u + g = 179. What is the tens digit of u?
7
Let p(r) = 19*r**2 + 7*r - 183. Let g be p(18). Suppose -6102 = -5*a + 14*b - 16*b, b + g = 5*a. What is the tens digit of a?
2
Let a be (-18)/6 + 1*(-1 - -7). Let q be a - 2 - -45 - 4. What is the units digit of (1 + q/(-10))/((-48)/1200)?
0
Let c be 3/((-4)/660*3). Let a = c - -266. What is the units digit of a?
1
What is the ten thousands digit of -43 - (-723920)/24 - (14/6 + -1)?
3
Let n be ((-10)/3)/(4/186). Suppose i = 2*t + 5*i + 536, -4*t - 1083 = -3*i. Let y = n - t. What is the tens digit of y?
1
What is the units digit of ((-10)/(-4))/((-1863302)/143332 - -13)?
5
Suppose 250*s + 13635066 - 13287187 = 24929629. What is the hundreds digit of s?
3
Suppose q = -3*f + 4*q - 15, 3*f + q = -27. Let j(k) = -13*k + 58. What is the hundreds digit of j(f)?
1
Suppose y - 15 = -2*y, 2 = -s + y. Suppose z - s*z + 14 = a, 0 = -5*a + 4*z. Suppose 0 = -a*n + 5*u + 257, -n + 4*u - u = -73. What is the units digit of n?
8
Suppose 2*t - 1841 = w, -86*w = -2*t - 87*w + 1839. What is the tens digit of t?
2
Let d be 2/(-3)*(-38529)/(-18). Let n = -714 - d. What is the units digit of n?
3
Suppose -17064*o + 2114912 = -16958*o. What is the thousands digit of o?
9
Let k(s) = 292*s**3 + 4*s**2 + s - 42. Let a be k(6). What is the tens digit of a/39*-6*(-6)/45?
9
Suppose 4*h = 132 - 80. Suppose -13340 = 3*s - h*s. What is the units digit of s?
4
Let u be -4 + 7 - (1 - 2). Let l = -74 - -154. Suppose 3*h = -j + 95, 2*h + 0*j - l = -u*j. What is the tens digit of h?
3
Suppose 5*l = 4*w + 55066, -3*l - 2*w = -22245 - 10799. What is the units digit of l?
4
Let l(v) = -v**2 + 17*v - 33. Suppose 2*m = 4*m + 16. Let h be m/28 - 360/(-35). What is the units digit of l(h)?
7
Suppose 0 = 32*m - 38*m + 78. Suppose m*h + 2875 = 36*h. What is the hundreds digit of h?
1
Suppose 5*v - 13165 - 4147 = 3*v. What is the tens digit of v?
5
Let y(t) = 20*t + 1. Let j(u) = -34*u - 8. Let f(i) = -3*j(i) - 6*y(i). Let x = -17 - -10. What is the hundreds digit of f(x)?
1
Let r(q) be the second derivative of -29*q**3 - 31*q**2 + 121*q. What is the units digit of r(-2)?
6
Suppose -5*p + 364*a - 368*a - 93 = 0, 3*p + 59 = -4*a. Let q be 28/5 - 4/(-10). What is the tens digit of q*(-1 - p/6)?
1
Let a(c) = -410*c**3 - 6*c**2 - 17*c - 5. What is the units digit of a(-3)?
2
Let x(y) = 2*y**2 - 6*y - 2. Let h be x(5). Suppose 5*j - h*j = -117. What is the units digit of 2*(-130)/(-12) - (-3)/j?
2
Let r be ((-76)/10)/(44/(-19030)). Suppose -4*v - r = -3*u, -57*v + 1099 = u - 55*v. What is the tens digit of u?
9
Let l = -5873 + 16952. What is the hundreds digit of l?
0
Let t = 8 + 0. Let q(b) = -2*b**3 - 11*b**2 - 4*b - 14. Let o(a) = 3*a**3 + 21*a**2 + 6*a + 29. Let y(x) = 3*o(x) + 5*q(x). What is the units digit of y(t)?
1
What is the ten thousands digit of 314101/18 + ((-584)/144 - -4)?
1
Suppose 0 = -9*j - 291 + 318. Let k(h) = h + 10. Let b be k(-8). Suppose p = j*p, 3*d - 330 = -b*p. What is the tens digit of d?
1
Let s(z) = 11*z + 25. Let t be s(-5). Let h be ((-62)/6)/((-5)/t). What is the tens digit of 12 - 9 - (1 + h)?
6
Let s(z) = -175*z + 1102. What is the thousands digit of s(-49)?
9
Let k = 32369 - -17285. What is the thousands digit of k?
9
Let d(a) = 7*a - 101. Let g(k) = 2*k - 51. Let q(f) = 2*d(f) - 5*g(f). What is the tens digit of q(5)?
7
Suppose 6 = 2*n, -n = -2*y - 17 + 70. Suppose 0 = 5*u + m - 2805, 2*u - 5*m - y = 1121. What is the tens digit of u?
6
Suppose -3*o - 2*o + 3*c - 3 = 0, 0 = 3*o + 4*c + 25. What is the units digit of 6/o*(-14 + -221)?
0
Let v be (0 - (-3)/(-6))*2. What is the units digit of (9/36*4)/(v/(-138))?
8
Let d be 2*381/6*-1. Let w = d + 46. Let m = w - -164. What is the units digit of m?
3
Let v be (1 - -9566)*(-1 + 15/9). Suppose -9*b = -3*b - v. Suppose -2*s - 5*p = -474, -4*s + 2*p + b = 67. What is the units digit of s?
7
What is the tens digit of (-8 - -6)*11/((-88)/3048)?
6
Let c = -11031 + 39850. What is the ten thousands digit of c?
2
Let b(l) be the first derivative of 53*l**2/2 + 32*l - 1. What is the hundreds digit of b(8)?
4
Let y(i) = 4. Let p(k) = -142*k + 138. Let z(j) = -p(j) - 6*y(j). What is the units digit of z(5)?
8
Let r = -43 + 50. Suppose -r*h + 2079 = -5558. What is the thousands digit of h?
1
Let y = -1106 + 639. Let t = 827 + y. What is the hundreds digit of t?
3
What is the tens digit of 862/((340/(-90))/(-17))?
7
Suppose -t - 1669 - 14 = c, 3*t - 8415 = 5*c. What is the hundreds digit of 4*(c/(-60))/(-11)*-175?
7
Let g(a) = -11*a - 30. Let v be g(-12). What is the units digit of (30/16)/(51/340)*v?
5
Let m be (-25)/(-5)*(-1)/(5/(-384)). Suppose 0 = 13*o - 21*o + m. Suppose t - o = 64. What is the units digit of t?
2
Let z = -239 + 225. Let i(n) = 3*n**2 + 40*n + 5. What is the tens digit of i(z)?
3
Suppose -18*b + 57119 + 12631 = 0. What is the hundreds digit of b?
8
Let z(n) = -30*n - 17. Let g be z(-6). Let y(o) = -g + 126 + o + 2*o**2 + 0*o. What is the units digit of y(-11)?
4
Let m(t) = 11*t**2 + 588*t + 193. What is the units digit of m(-69)?
2
Let u(l) = l**3 + 3*l**2 - 4*l + 3. Let n be u(2). Let q(p) = p**3 + 14*p**2 - 11 - 2*p**3 + 25*p + 0*p**3 - 3. What is the tens digit of q(n)?
3
Let n(a) be the second derivative of a**5/20 + 7*a**4/12 - 3*a**2 + 2*a. Let j be n(-13). What is the hundreds digit of (j/(-45))/(2/15)?
1
Let y(o) = 194*o**2 - 4*o + 9. Let v(b) = b**2 + 2*b. Let l(a) = 6*v(a) + y(a). What is the te